{"id":247,"date":"2022-06-28T08:49:05","date_gmt":"2022-06-28T08:49:05","guid":{"rendered":"https:\/\/ferienwohnung-deiningen.de\/?page_id=247"},"modified":"2022-06-28T10:53:27","modified_gmt":"2022-06-28T10:53:27","slug":"sehenswuerdigkeiten","status":"publish","type":"page","link":"https:\/\/ferienwohnung-deiningen.de\/?page_id=247","title":{"rendered":"Sehensw\u00fcrdigkeiten"},"content":{"rendered":"\n<p style=\"font-style:normal;font-weight:700\">Das N\u00f6rdlinger Ries und sein Umland bieten eine gro\u00dfe Auswahl an Sehensw\u00fcrdigkeiten und Erlebisse<br>f\u00fcr die ganze Familie<\/p>\n\n\n\n<p class=\"has-medium-font-size\" style=\"font-style:normal;font-weight:700\">Ausflugsziele<\/p>\n\n\n\n<p style=\"font-style:normal;font-weight:700\"><a href=\"https:\/\/www.dehner.de\/blumenpark\/\" data-type=\"URL\" data-id=\"https:\/\/www.dehner.de\/blumenpark\/\" target=\"_blank\" rel=\"noreferrer noopener\">Dehner Blumenpark<\/a><\/p>\n\n\n\n<p style=\"font-style:normal;font-weight:700\"><a rel=\"noreferrer noopener\" href=\"http:\/\/www.legoland.de\" data-type=\"URL\" data-id=\"www.legoland.de\" target=\"_blank\">Legoland<\/a> Deutschland ist ein Spa\u00df f\u00fcr Gro\u00df und Klein<\/p>\n\n\n\n<p style=\"font-style:normal;font-weight:700\"><a rel=\"noreferrer noopener\" href=\"https:\/\/www.ferienland-donau-ries.de\/regional\/ausflugsziele\/\" data-type=\"URL\" data-id=\"https:\/\/www.ferienland-donau-ries.de\/regional\/ausflugsziele\/\" target=\"_blank\">Ferienland Donau-Ries<\/a> bietet eine Vielzahl an Tipps<\/p>\n\n\n\n<p class=\"has-medium-font-size\" style=\"font-style:normal;font-weight:700\">Kulinarisches<\/p>\n\n\n\n<p style=\"font-style:normal;font-weight:700\"><a href=\"https:\/\/eisbrunn-harburg.de\/home.html\" data-type=\"URL\" data-id=\"https:\/\/eisbrunn-harburg.de\/home.html\" target=\"_blank\" rel=\"noreferrer noopener\">Waldschenke Eisbrunn<\/a> &#8211; Biergarten, Spielplatz, Wanderwege, mitten im Wald gelegen<\/p>\n\n\n\n<p style=\"font-style:normal;font-weight:700\"><a href=\"https:\/\/forstquell.de\" data-type=\"URL\" data-id=\"https:\/\/forstquell.de\" target=\"_blank\" rel=\"noreferrer noopener\">Forstquell-Brauerei <\/a>in F\u00fcrnheim &#8211; Erlebnisgasthof und Brauerei<\/p>\n\n\n\n<p style=\"font-style:normal;font-weight:700\"><a href=\"http:\/\/baeldleschwaige.de\" data-type=\"URL\" data-id=\"baeldleschwaige.de\" target=\"_blank\" rel=\"noreferrer noopener\">Hofgut B\u00e4ldleschwaige<\/a>  &#8211; Hofgut, Biergarten, viele Veranstaltungen<\/p>\n\n\n\n<p class=\"has-medium-font-size\" style=\"font-style:normal;font-weight:700\">Shopping<\/p>\n\n\n\n<p style=\"font-style:normal;font-weight:700\"><a href=\"https:\/\/www.thebicestercollection.com\/ingolstadt-village\/de\" data-type=\"URL\" data-id=\"https:\/\/www.thebicestercollection.com\/ingolstadt-village\/de\" target=\"_blank\" rel=\"noreferrer noopener\">Ingolstadt Village<\/a> &#8211; Das Designer Outlet in der Region<\/p>\n","protected":false},"excerpt":{"rendered":"<p>Das N\u00f6rdlinger Ries und sein Umland bieten eine gro\u00dfe Auswahl an Sehensw\u00fcrdigkeiten und Erlebissef\u00fcr die ganze Familie Ausflugsziele Dehner Blumenpark Legoland Deutschland ist ein Spa\u00df &hellip; <\/p>\n","protected":false},"author":1,"featured_media":0,"parent":0,"menu_order":0,"comment_status":"closed","ping_status":"closed","template":"","meta":[],"_links":{"self":[{"href":"https:\/\/ferienwohnung-deiningen.de\/index.php?rest_route=\/wp\/v2\/pages\/247"}],"collection":[{"href":"https:\/\/ferienwohnung-deiningen.de\/index.php?rest_route=\/wp\/v2\/pages"}],"about":[{"href":"https:\/\/ferienwohnung-deiningen.de\/index.php?rest_route=\/wp\/v2\/types\/page"}],"author":[{"embeddable":true,"href":"https:\/\/ferienwohnung-deiningen.de\/index.php?rest_route=\/wp\/v2\/users\/1"}],"replies":[{"embeddable":true,"href":"https:\/\/ferienwohnung-deiningen.de\/index.php?rest_route=%2Fwp%2Fv2%2Fcomments&post=247"}],"version-history":[{"count":5,"href":"https:\/\/ferienwohnung-deiningen.de\/index.php?rest_route=\/wp\/v2\/pages\/247\/revisions"}],"predecessor-version":[{"id":270,"href":"https:\/\/ferienwohnung-deiningen.de\/index.php?rest_route=\/wp\/v2\/pages\/247\/revisions\/270"}],"wp:attachment":[{"href":"https:\/\/ferienwohnung-deiningen.de\/index.php?rest_route=%2Fwp%2Fv2%2Fmedia&parent=247"}],"curies":[{"name":"wp","href":"https:\/\/api.w.org\/{rel}","templated":true}]}}