{"id":2,"date":"2022-06-27T12:01:10","date_gmt":"2022-06-27T12:01:10","guid":{"rendered":"https:\/\/ferienwohnung-deiningen.de\/?page_id=2"},"modified":"2022-06-28T09:56:19","modified_gmt":"2022-06-28T09:56:19","slug":"sample-page","status":"publish","type":"page","link":"https:\/\/ferienwohnung-deiningen.de\/","title":{"rendered":"Startseite"},"content":{"rendered":"\n<p class=\"has-text-align-center has-large-font-size\" style=\"font-style:normal;font-weight:700\">Ruhige Ferienwohnungen und <br>M\u00f6bliertes Wohnen auf Zeit in Deiningen<\/p>\n\n\n\n<div class=\"wp-container-3 wp-block-columns\">\n<div class=\"wp-container-1 wp-block-column\">\n<figure class=\"wp-block-image size-large is-resized\"><img loading=\"lazy\" src=\"https:\/\/ferienwohnung-deiningen.de\/wp-content\/uploads\/2022\/06\/Haus_Rahmen2_2018-1-1024x683.jpg\" alt=\"\" class=\"wp-image-111\" width=\"489\" height=\"326\" srcset=\"https:\/\/ferienwohnung-deiningen.de\/wp-content\/uploads\/2022\/06\/Haus_Rahmen2_2018-1-1024x683.jpg 1024w, https:\/\/ferienwohnung-deiningen.de\/wp-content\/uploads\/2022\/06\/Haus_Rahmen2_2018-1-300x200.jpg 300w, https:\/\/ferienwohnung-deiningen.de\/wp-content\/uploads\/2022\/06\/Haus_Rahmen2_2018-1-768x512.jpg 768w, https:\/\/ferienwohnung-deiningen.de\/wp-content\/uploads\/2022\/06\/Haus_Rahmen2_2018-1-700x465.jpg 700w, https:\/\/ferienwohnung-deiningen.de\/wp-content\/uploads\/2022\/06\/Haus_Rahmen2_2018-1-600x400.jpg 600w, https:\/\/ferienwohnung-deiningen.de\/wp-content\/uploads\/2022\/06\/Haus_Rahmen2_2018-1.jpg 1500w\" sizes=\"(max-width: 489px) 100vw, 489px\" \/><\/figure>\n<\/div>\n\n\n\n<div class=\"wp-container-2 wp-block-column\">\n<figure class=\"wp-block-image size-full is-resized\"><img loading=\"lazy\" src=\"https:\/\/ferienwohnung-deiningen.de\/wp-content\/uploads\/2022\/06\/S_Aussen1_Rahmen-1.jpg\" alt=\"\" class=\"wp-image-83\" width=\"398\" height=\"298\" srcset=\"https:\/\/ferienwohnung-deiningen.de\/wp-content\/uploads\/2022\/06\/S_Aussen1_Rahmen-1.jpg 912w, https:\/\/ferienwohnung-deiningen.de\/wp-content\/uploads\/2022\/06\/S_Aussen1_Rahmen-1-300x225.jpg 300w, https:\/\/ferienwohnung-deiningen.de\/wp-content\/uploads\/2022\/06\/S_Aussen1_Rahmen-1-768x576.jpg 768w\" sizes=\"(max-width: 398px) 100vw, 398px\" \/><\/figure>\n<\/div>\n<\/div>\n\n\n\n<p class=\"has-text-align-center has-large-font-size\" style=\"font-style:normal;font-weight:700\"> In unmittelbarer N\u00e4he zu N\u00f6rdlingen<br>mitten im Geopark Ries<\/p>\n","protected":false},"excerpt":{"rendered":"<p>Ruhige Ferienwohnungen und M\u00f6bliertes Wohnen auf Zeit in Deiningen In unmittelbarer N\u00e4he zu N\u00f6rdlingenmitten im Geopark Ries<\/p>\n","protected":false},"author":1,"featured_media":0,"parent":0,"menu_order":0,"comment_status":"closed","ping_status":"open","template":"","meta":[],"_links":{"self":[{"href":"https:\/\/ferienwohnung-deiningen.de\/index.php?rest_route=\/wp\/v2\/pages\/2"}],"collection":[{"href":"https:\/\/ferienwohnung-deiningen.de\/index.php?rest_route=\/wp\/v2\/pages"}],"about":[{"href":"https:\/\/ferienwohnung-deiningen.de\/index.php?rest_route=\/wp\/v2\/types\/page"}],"author":[{"embeddable":true,"href":"https:\/\/ferienwohnung-deiningen.de\/index.php?rest_route=\/wp\/v2\/users\/1"}],"replies":[{"embeddable":true,"href":"https:\/\/ferienwohnung-deiningen.de\/index.php?rest_route=%2Fwp%2Fv2%2Fcomments&post=2"}],"version-history":[{"count":6,"href":"https:\/\/ferienwohnung-deiningen.de\/index.php?rest_route=\/wp\/v2\/pages\/2\/revisions"}],"predecessor-version":[{"id":265,"href":"https:\/\/ferienwohnung-deiningen.de\/index.php?rest_route=\/wp\/v2\/pages\/2\/revisions\/265"}],"wp:attachment":[{"href":"https:\/\/ferienwohnung-deiningen.de\/index.php?rest_route=%2Fwp%2Fv2%2Fmedia&parent=2"}],"curies":[{"name":"wp","href":"https:\/\/api.w.org\/{rel}","templated":true}]}}