{"id":19,"date":"2022-06-27T10:30:39","date_gmt":"2022-06-27T10:30:39","guid":{"rendered":"https:\/\/ferienwohnung-deiningen.de\/?page_id=19"},"modified":"2023-11-29T09:24:37","modified_gmt":"2023-11-29T09:24:37","slug":"wohnung-andrea","status":"publish","type":"page","link":"https:\/\/ferienwohnung-deiningen.de\/?page_id=19","title":{"rendered":"Wohnung Andrea"},"content":{"rendered":"\n<p class=\"has-medium-font-size\" style=\"font-style:normal;font-weight:700\">Die neu renovierte Wohnung  Andrea befindet sich im Obergescho\u00df eines Mehrfamilienhauses.<\/p>\n\n\n\n<p class=\"has-medium-font-size\" style=\"font-style:normal;font-weight:700\">Es stehen Ihnen ca. 50 m\u00b2 mit zur Verf\u00fcgung.<\/p>\n\n\n\n<p class=\"has-medium-font-size\" style=\"font-style:normal;font-weight:700\">Freies WLAN steht nat\u00fcrlich zur Verf\u00fcgung.<\/p>\n\n\n\n<p class=\"has-medium-font-size\" style=\"font-style:normal;font-weight:700\">Die Wohnung ist komplett f\u00fcr 2 Personen ausgestattet und l\u00e4sst keine W\u00fcnsche \u00fcbrig. <\/p>\n\n\n\n<p class=\"has-medium-font-size\" style=\"font-style:normal;font-weight:700\">Sie wird als m\u00f6blierte Wohnung f\u00fcr einen begrenzten Zeitraum monatsweise vermietet.<\/p>\n\n\n\n<figure class=\"wp-block-image size-full is-resized\"><img loading=\"lazy\" src=\"https:\/\/ferienwohnung-deiningen.de\/wp-content\/uploads\/2022\/06\/S_Aussen1_Rahmen-1.jpg\" alt=\"\" class=\"wp-image-83\" width=\"421\" height=\"316\" srcset=\"https:\/\/ferienwohnung-deiningen.de\/wp-content\/uploads\/2022\/06\/S_Aussen1_Rahmen-1.jpg 912w, https:\/\/ferienwohnung-deiningen.de\/wp-content\/uploads\/2022\/06\/S_Aussen1_Rahmen-1-300x225.jpg 300w, https:\/\/ferienwohnung-deiningen.de\/wp-content\/uploads\/2022\/06\/S_Aussen1_Rahmen-1-768x576.jpg 768w\" sizes=\"(max-width: 421px) 100vw, 421px\" \/><\/figure>\n\n\n\n<p><strong>Download  <a rel=\"noreferrer noopener\" href=\"https:\/\/ferienwohnung-deiningen.de\/wp-content\/uploads\/2022\/10\/Flyer_WaZ_comp.pdf\" target=\"_blank\">Flyer Wohnen auf Zeit<\/a><\/strong><\/p>\n","protected":false},"excerpt":{"rendered":"<p>Die neu renovierte Wohnung Andrea befindet sich im Obergescho\u00df eines Mehrfamilienhauses. Es stehen Ihnen ca. 50 m\u00b2 mit zur Verf\u00fcgung. Freies WLAN steht nat\u00fcrlich zur &hellip; <\/p>\n","protected":false},"author":1,"featured_media":0,"parent":0,"menu_order":0,"comment_status":"closed","ping_status":"closed","template":"","meta":[],"_links":{"self":[{"href":"https:\/\/ferienwohnung-deiningen.de\/index.php?rest_route=\/wp\/v2\/pages\/19"}],"collection":[{"href":"https:\/\/ferienwohnung-deiningen.de\/index.php?rest_route=\/wp\/v2\/pages"}],"about":[{"href":"https:\/\/ferienwohnung-deiningen.de\/index.php?rest_route=\/wp\/v2\/types\/page"}],"author":[{"embeddable":true,"href":"https:\/\/ferienwohnung-deiningen.de\/index.php?rest_route=\/wp\/v2\/users\/1"}],"replies":[{"embeddable":true,"href":"https:\/\/ferienwohnung-deiningen.de\/index.php?rest_route=%2Fwp%2Fv2%2Fcomments&post=19"}],"version-history":[{"count":5,"href":"https:\/\/ferienwohnung-deiningen.de\/index.php?rest_route=\/wp\/v2\/pages\/19\/revisions"}],"predecessor-version":[{"id":341,"href":"https:\/\/ferienwohnung-deiningen.de\/index.php?rest_route=\/wp\/v2\/pages\/19\/revisions\/341"}],"wp:attachment":[{"href":"https:\/\/ferienwohnung-deiningen.de\/index.php?rest_route=%2Fwp%2Fv2%2Fmedia&parent=19"}],"curies":[{"name":"wp","href":"https:\/\/api.w.org\/{rel}","templated":true}]}}

<p class="has-medium-font-size" style="font-style:normal;font-weight:700">Die neu renovierte Wohnung  Andrea befindet sich im Obergeschoß eines Mehrfamilienhauses.</p>



<p class="has-medium-font-size" style="font-style:normal;font-weight:700">Es stehen Ihnen ca. 50 m² mit zur Verfügung.</p>



<p class="has-medium-font-size" style="font-style:normal;font-weight:700">Freies WLAN steht natürlich zur Verfügung.</p>



<p class="has-medium-font-size" style="font-style:normal;font-weight:700">Die Wohnung ist komplett für 2 Personen ausgestattet und lässt keine Wünsche übrig. </p>



<p class="has-medium-font-size" style="font-style:normal;font-weight:700">Sie wird als möblierte Wohnung für einen begrenzten Zeitraum monatsweise vermietet.</p>



<figure class="wp-block-image size-full is-resized"><img loading="lazy" src="https://ferienwohnung-deiningen.de/wp-content/uploads/2022/06/S_Aussen1_Rahmen-1.jpg" alt="" class="wp-image-83" width="421" height="316" srcset="https://ferienwohnung-deiningen.de/wp-content/uploads/2022/06/S_Aussen1_Rahmen-1.jpg 912w, https://ferienwohnung-deiningen.de/wp-content/uploads/2022/06/S_Aussen1_Rahmen-1-300x225.jpg 300w, https://ferienwohnung-deiningen.de/wp-content/uploads/2022/06/S_Aussen1_Rahmen-1-768x576.jpg 768w" sizes="(max-width: 421px) 100vw, 421px" /></figure>



<p><strong>Download  <a rel="noreferrer noopener" href="https://ferienwohnung-deiningen.de/wp-content/uploads/2022/10/Flyer_WaZ_comp.pdf" target="_blank">Flyer Wohnen auf Zeit</a></strong></p>

<p>Die neu renovierte Wohnung Andrea befindet sich im Obergeschoß eines Mehrfamilienhauses. Es stehen Ihnen ca. 50 m² mit zur Verfügung. Freies WLAN steht natürlich zur &hellip; </p>
